 14) to base 5.
-22020
Convert -80 (base 15) to base 14.
-88
1264 (base 9) to base 2
1110110101
What is 4546 (base 11) in base 15?
1b89
Convert 10100010100 (base 2) to base 4.
110110
Convert 20012110 (base 3) to base 5.
121041
Convert 2788 (base 12) to base 15.
1548
What is 16b (base 14) in base 8?
443
What is -593 (base 12) in base 10?
-831
Convert 3203 (base 4) to base 2.
11100011
What is -152 (base 6) in base 14?
-4c
What is 2628 (base 9) in base 5?
30340
What is 21142 (base 7) in base 12?
3034
What is -15256 (base 8) in base 9?
-10328
What is -1012001 (base 3) in base 12?
-601
Convert -156713 (base 8) to base 7.
-324352
-10100001010101 (base 2) to base 5
-312300
What is -1669 (base 12) in base 10?
-2673
Convert 1788 (base 15) to base 5.
130303
What is -4d7d (base 14) in base 10?
-13635
Convert 301320 (base 5) to base 6.
112213
Convert 30b1 (base 14) to base 7.
33311
61101 (base 8) to base 12
12681
Convert -1674b (base 12) to base 4.
-13312223
Convert 11010010 (base 2) to base 14.
110
Convert 405 (base 10) to base 12.
299
Convert -28a4 (base 13) to base 14.
-2200
-1120101 (base 3) to base 15
-514
Convert 122021 (base 3) to base 2.
111010010
-25220 (base 9) to base 12
-9983
Convert 256165 (base 7) to base 4.
23222131
-11110011 (base 2) to base 6
-1043
7089 (base 11) to base 3
110220200
What is -64053 (base 9) in base 8?
-122532
Convert -314410 (base 6) to base 3.
-1022011120
421 (base 6) to base 5
1112
370 (base 12) to base 16
204
ae9e (base 15) to base 2
1001000010111001
What is 6bb (base 14) in base 15?
5e6
What is 41165 (base 7) in base 5?
310133
Convert 12322 (base 4) to base 3.
121101
17a3 (base 16) to base 14
22c3
What is 4456 (base 8) in base 6?
14514
-674 (base 13) to base 10
-1109
What is 155 (base 14) in base 6?
1131
What is -100011001001101 (base 2) in base 3?
-220200120
What is -131 (base 16) in base 4?
-10301
What is -435 (base 16) in base 14?
-56d
21354 (base 12) to base 13
16b73
What is -41503 (base 7) in base 10?
-10195
Convert -34242 (base 6) to base 5.
-123400
Convert -226 (base 11) to base 10.
-270
Convert 20010020 (base 3) to base 8.
10555
3907 (base 13) to base 8
17667
What is 10100001001110 (base 2) in base 15?
30cd
10100010011100 (base 2) to base 5
313041
What is -5350 (base 6) in base 15?
-563
Convert 6bb0 (base 12) to base 11.
9096
24160 (base 7) to base 5
200030
What is -326 (base 10) in base 4?
-11012
Convert 26132 (base 7) to base 8.
15424
Convert 2523 (base 13) to base 12.
3070
Convert -10220322 (base 4) to base 12.
-abb6
328a (base 13) to base 7
26351
678 (base 12) to base 11
79a
What is 113446 (base 9) in base 15?
152e3
-26795 (base 13) to base 2
-10001011110111001
Convert -167 (base 9) to base 16.
-8e
1586 (base 11) to base 13
c02
-2c46 (base 14) to base 6
-100330
What is -2474 (base 11) in base 4?
-302123
-33313 (base 5) to base 9
-3172
Convert -2122210 (base 3) to base 10.
-1938
What is -768 (base 10) in base 6?
-3320
Convert -5141 (base 7) to base 8.
-3401
Convert 36ec (base 15) to base 8.
26661
What is -174 (base 13) in base 3?
-100210
-2f5 (base 16) to base 7
-2131
What is -4430 (base 7) in base 13?
-953
6756 (base 8) to base 6
24302
-456 (base 15) to base 4
-33111
Convert 8244 (base 9) to base 16.
1792
Convert 151 (base 7) to base 12.
71
Convert 61303 (base 7) to base 14.
5603
Convert -110001011100 (base 2) to base 13.
-1595
Convert -17965 (base 15) to base 16.
-12a52
141300 (base 5) to base 10
5825
Convert -1112030 (base 5) to base 6.
-230532
What is 1a81 (base 11) in base 9?
3542
Convert 3001 (base 4) to base 6.
521
What is -5b3 (base 15) in base 11?
-a76
Convert ead (base 15) to base 7.
12442
What is 1010122 (base 3) in base 2?
1100111011
-16 (base 12) to base 5
-33
What is -55110 (base 6) in base 5?
-220402
What is 57068 (base 9) in base 14?
dba2
What is -6202 (base 12) in base 5?
-320113
What is 113c (base 15) in base 2?
111001001001
310520 (base 6) to base 9
37033
Convert -266 (base 11) to base 3.
-102122
Convert 40a (base 14) to base 9.
1072
Convert 241 (base 15) to base 3.
200221
Convert 71a (base 11) to base 9.
1164
Convert 140b1 (base 12) to base 15.
8371
Convert 111455 (base 9) to base 3.
10101111212
What is -3311 (base 4) in base 10?
-245
Convert 1010 (base 11) to base 16.
53e
4554 (base 9) to base 15
eea
-1026 (base 7) to base 15
-193
Convert -128 (base 10) to base 3.
-11202
6b (base 12) to base 4
1103
Convert 1473 (base 12) to base 8.
4527
563 (base 11) to base 4
22202
-1022 (base 14) to base 10
-2774
What is -1102012011 (base 3) in base 6?
-332521
Convert -17d8 (base 14) to base 2.
-1000011010010
What is -41612 (base 8) in base 16?
-438a
Convert -1b18 (base 13) to base 8.
-7755
-2160 (base 10) to base 12
-1300
Convert -1032011 (base 4) to base 7.
-20366
Convert -1214 (base 9) to base 14.
-488
What is -284 (base 15) in base 16?
-23e
Convert a589 (base 13) to base 9.
34405
13c0 (base 14) to base 7
13130
Convert 243311 (base 5) to base 13.
4262
Convert -21131 (base 7) to base 10.
-5216
Convert 1012100011 (base 3) to base 6.
301051
What is 1451 (base 16) in base 9?
7118
12314 (base 5) to base 4
32333
Convert 130 (base 9) to base 3.
11000
Convert 14263 (base 11) to base 9.
30728
Convert -1462 (base 7) to base 12.
-407
What is -1301 (base 10) in base 2?
-10100010101
Convert 5050 (base 7) to base 10.
1750
Convert -29c8 (base 13) to base 11.
-4627
734 (base 10) to base 8
1336
Convert 10101332 (base 4) to base 13.
7c9a
What is 1222202 (base 4) in base 14?
26b0
Convert -6632 (base 15) to base 14.
-7c63
What is 21200002 (base 3) in base 8?
12727
-323 (base 8) to base 4
-3103
What is 735d (base 14) in base 16?
4da7
What is 110022 (base 3) in base 5?
2312
Convert -12a5 (base 11) to base 9.
-2275
Convert -101 (base 16) to base 3.
-100112
What is 122120 (base 3) in base 11?
3a1
What is -121 (base 16) in base 11?
-243
-101 (base 15) to base 10
-226
What is 1883 (base 13) in base 10?
3656
What is -97 (base 15) in base 12?
-ba
-6334 (base 7) to base 3
-10001121
What is c48 (base 16) in base 2?
110001001000
What is -3847 (base 9) in base 14?
-1098
Convert 10541 (base 6) to base 4.
113131
What is 223c (base 13) in base 9?
6504
Convert 12a37 (base 11) to base 5.
1043203
116362 (base 7) to base 16
53d1
What is 1000001 (base 2) in base 10?
65
Convert -2b284 (base 12) to base 2.
-1110110111000100
Convert 16576 (base 9) to base 7.
45156
What is -b67a (base 14) in base 16?
-7aec
What is -11011001001000 (base 2) in base 3?
-201001200
Convert -650 (base 7) to base 2.
-101001001
What is -663 (base 14) in base 3?
-1201210
Convert -1233b (base 13) to base 6.
-415052
-13420 (base 5) to base 12
-786
What is 512401 (base 6) in base 4?
21330301
What is 607 (base 9) in base 12?
351
-414312 (base 6) to base 11
-23096
Convert -1044014 (base 6) to base 9.
-80271
Convert 3c8 (base 15) to base 2.
1101011111
132311 (base 5) to base 2
1010011010011
-2301040 (base 5) to base 12
-1b716
1112011 (base 4) to base 11
4159
3019 (base 13) to base 4
1213111
Convert 1250 (base 11) to base 3.
2020022
What is 2db1 (base 16) in base 14?
4397
Convert 653 (base 9) to base 8.
1026
Convert b8b2 (base 16) to base 3.
2101212012
What is -453 (base 9) in base 14?
-1c8
What is -1110000000 (base 2) in base 16?
-380
What is -5d0 (base 16) in base 14?
-784
Convert 2452 (base 12) to base 10.
4094
What is -c310 (base 15) in base 12?
-1ba06
-18b (base 13) to base 11
-239
Convert 20d (base 15) to base 16.
1cf
What is 70 (base 12) in base 8?
124
What is -305 (base 12) in base 5?
-3222
What is -30312 (base 5) in base 10?
-1957
Convert 14444 (base 5) to base 11.
a36
Convert -1314 (base 15) to base 16.
-fe5
Convert 1111210212 (base 3) to base 10.
29750
Convert -3029 (base 16) to base 8.
-30051
What is -1111 (base 9) in base 4?
-30310
What is -19ef (base 16) in base 12?
-3a13
Convert -144 (base 5) to base 6.
-121
What is 12965 (base 10) in base 2?
11001010100101
Convert 8b9 (base 16) to base 2.
100010111001
-59a (base 14) to base 10
-1116
247 (base 15) to base 13
30a
Convert -1123020 (base 4) to base 15.
-1adc
Convert -14dd (base 15) to base 11.
-3406
What is -12536 (base 9) in base 4?
-2010021
10165 (base 7) to base 5
34442
2270 (base 9) to base 13
9c6
What is 4165 (base 11) in base 5?
134031
-956 (base 14) to base 9
-2464
-1c47 (base 15) to base 2
-101111111